 is divided by 178?
22
What is the remainder when 698 is divided by 3?
2
What is the remainder when 2336 is divided by 13?
9
Calculate the remainder when 339 is divided by 19.
16
Calculate the remainder when 588 is divided by 286.
16
Calculate the remainder when 63 is divided by 32.
31
Calculate the remainder when 5393 is divided by 142.
139
What is the remainder when 299 is divided by 174?
125
What is the remainder when 325 is divided by 10?
5
What is the remainder when 16586 is divided by 116?
114
Calculate the remainder when 104 is divided by 55.
49
What is the remainder when 58 is divided by 4?
2
What is the remainder when 698 is divided by 129?
53
What is the remainder when 34 is divided by 14?
6
What is the remainder when 136 is divided by 20?
16
Calculate the remainder when 184 is divided by 69.
46
Calculate the remainder when 696 is divided by 67.
26
Calculate the remainder when 345 is divided by 14.
9
Calculate the remainder when 99 is divided by 38.
23
Calculate the remainder when 126 is divided by 11.
5
What is the remainder when 1194 is divided by 21?
18
Calculate the remainder when 58 is divided by 27.
4
Calculate the remainder when 720 is divided by 19.
17
What is the remainder when 210 is divided by 75?
60
What is the remainder when 166 is divided by 49?
19
What is the remainder when 219 is divided by 37?
34
What is the remainder when 1509 is divided by 54?
51
What is the remainder when 288 is divided by 100?
88
Calculate the remainder when 254 is divided by 68.
50
What is the remainder when 1450 is divided by 283?
35
Calculate the remainder when 158 is divided by 65.
28
What is the remainder when 1257 is divided by 332?
261
Calculate the remainder when 99 is divided by 9.
0
What is the remainder when 1925 is divided by 322?
315
Calculate the remainder when 264 is divided by 48.
24
What is the remainder when 3489 is divided by 1159?
12
Calculate the remainder when 987 is divided by 58.
1
What is the remainder when 1115 is divided by 19?
13
Calculate the remainder when 31 is divided by 22.
9
Calculate the remainder when 11 is divided by 6.
5
Calculate the remainder when 17 is divided by 11.
6
Calculate the remainder when 3725 is divided by 1861.
3
Calculate the remainder when 224 is divided by 9.
8
What is the remainder when 296 is divided by 93?
17
What is the remainder when 655 is divided by 296?
63
What is the remainder when 157 is divided by 54?
49
Calculate the remainder when 2830 is divided by 51.
25
What is the remainder when 157 is divided by 44?
25
What is the remainder when 4501 is divided by 85?
81
Calculate the remainder when 85 is divided by 29.
27
Calculate the remainder when 1453 is divided by 8.
5
What is the remainder when 66 is divided by 26?
14
What is the remainder when 130 is divided by 28?
18
Calculate the remainder when 60506 is divided by 15.
11
Calculate the remainder when 108 is divided by 87.
21
Calculate the remainder when 28 is divided by 14.
0
Calculate the remainder when 543 is divided by 32.
31
What is the remainder when 160 is divided by 43?
31
What is the remainder when 103 is divided by 68?
35
Calculate the remainder when 664 is divided by 221.
1
Calculate the remainder when 104 is divided by 56.
48
Calculate the remainder when 469 is divided by 92.
9
What is the remainder when 202 is divided by 131?
71
Calculate the remainder when 335 is divided by 16.
15
Calculate the remainder when 53 is divided by 37.
16
What is the remainder when 46 is divided by 12?
10
Calculate the remainder when 2284 is divided by 127.
125
What is the remainder when 759 is divided by 38?
37
What is the remainder when 5858 is divided by 20?
18
Calculate the remainder when 501 is divided by 20.
1
What is the remainder when 41 is divided by 13?
2
Calculate the remainder when 1312 is divided by 70.
52
Calculate the remainder when 3485 is divided by 8.
5
Calculate the remainder when 732 is divided by 21.
18
Calculate the remainder when 268 is divided by 22.
4
Calculate the remainder when 219 is divided by 18.
3
Calculate the remainder when 415 is divided by 157.
101
What is the remainder when 150 is divided by 39?
33
What is the remainder when 3730 is divided by 18?
4
What is the remainder when 1028 is divided by 171?
2
Calculate the remainder when 1688 is divided by 562.
2
Calculate the remainder when 947 is divided by 139.
113
Calculate the remainder when 54 is divided by 8.
6
What is the remainder when 2919 is divided by 14?
7
Calculate the remainder when 30 is divided by 29.
1
What is the remainder when 6453 is divided by 12?
9
What is the remainder when 99 is divided by 48?
3
What is the remainder when 344 is divided by 76?
40
Calculate the remainder when 1764 is divided by 81.
63
Calculate the remainder when 203 is divided by 12.
11
What is the remainder when 488 is divided by 45?
38
What is the remainder when 516 is divided by 65?
61
Calculate the remainder when 236 is divided by 17.
15
What is the remainder when 110 is divided by 89?
21
Calculate the remainder when 150 is divided by 13.
7
What is the remainder when 359 is divided by 19?
17
Calculate the remainder when 111 is divided by 19.
16
What is the remainder when 371 is divided by 25?
21
What is the remainder when 5550 is divided by 396?
6
Calculate the remainder when 644 is divided by 127.
9
What is the remainder when 101 is divided by 41?
19
Calculate the remainder when 140 is divided by 74.
66
What is the remainder when 7471 is divided by 21?
16
Calculate the remainder when 285 is divided by 260.
25
Calculate the remainder when 236 is divided by 14.
12
What is the remainder when 2496 is divided by 21?
18
What is the remainder when 155 is divided by 4?
3
Calculate the remainder when 495 is divided by 72.
63
What is the remainder when 575 is divided by 197?
181
What is the remainder when 209 is divided by 14?
13
Calculate the remainder when 449 is divided by 41.
39
Calculate the remainder when 36 is divided by 14.
8
What is the remainder when 1691 is divided by 18?
17
What is the remainder when 64 is divided by 13?
12
What is the remainder when 5899 is divided by 18?
13
Calculate the remainder when 155 is divided by 13.
12
Calculate the remainder when 219 is divided by 20.
19
What is the remainder when 97 is divided by 22?
9
What is the remainder when 59 is divided by 10?
9
What is the remainder when 1523 is divided by 191?
186
What is the remainder when 203 is divided by 189?
14
What is the remainder when 109 is divided by 56?
53
Calculate the remainder when 309 is divided by 156.
153
Calculate the remainder when 906 is divided by 160.
106
What is the remainder when 301 is divided by 66?
37
Calculate the remainder when 322 is divided by 68.
50
Calculate the remainder when 199 is divided by 12.
7
Calculate the remainder when 290 is divided by 193.
97
What is the remainder when 122 is divided by 14?
10
Calculate the remainder when 129 is divided by 45.
39
Calculate the remainder when 453 is divided by 24.
21
Calculate the remainder when 577 is divided by 208.
161
Calculate the remainder when 721 is divided by 208.
97
Calculate the remainder when 1315 is divided by 109.
7
Calculate the remainder when 204 is divided by 74.
56
What is the remainder when 1038 is divided by 40?
38
Calculate the remainder when 945 is divided by 22.
21
Calculate the remainder when 327 is divided by 108.
3
Calculate the remainder when 3277 is divided by 5.
2
What is the remainder when 675 is divided by 97?
93
Calculate the remainder when 4618 is divided by 70.
68
Calculate the remainder when 1090 is divided by 13.
11
What is the remainder when 233 is divided by 9?
8
Calculate the remainder when 1774 is divided by 18.
10
What is the remainder when 2223 is divided by 124?
115
What is the remainder when 330 is divided by 88?
66
What is the remainder when 1279 is divided by 80?
79
What is the remainder when 61 is divided by 18?
7
Calculate the remainder when 98 is divided by 86.
12
Calculate the remainder when 268 is divided by 68.
64
What is the remainder when 934 is divided by 456?
22
What is the remainder when 76 is divided by 11?
10
What is the remainder when 31 is divided by 15?
1
What is the remainder when 26 is divided by 4?
2
Calculate the remainder when 12837 is divided by 321